{"id":43,"date":"2018-10-04T21:47:05","date_gmt":"2018-10-04T21:47:05","guid":{"rendered":"https:\/\/shop.ftteam.com\/?post_type=product&#038;p=43"},"modified":"2023-03-09T14:55:46","modified_gmt":"2023-03-09T14:55:46","slug":"grenror-saab-900-t16-2-0l-turbo","status":"publish","type":"product","link":"https:\/\/shop.ftteam.com\/en\/product\/grenror-saab-900-t16-2-0l-turbo\/","title":{"rendered":"Grenr\u00f6r Saab 900 T16 2.0L Turbo"},"content":{"rendered":"<p>Original begagnat grenr\u00f6r f\u00f6r Saab 900 16V turbo med EGR-uttag. Sprickfritt, bl\u00e4strat. Planslipat mott cylinderhuvud &amp; turbo. Gott skick. Du beh\u00f6ver packning mot cylinderhuvud och turbo. Byt alla skruvar!<\/p>\n<p>&nbsp;<\/p>\n<div id='gallery-1' class='gallery galleryid-43 gallery-columns-3 gallery-size-thumbnail'><figure class='gallery-item'>\n\t\t\t<div class='gallery-icon landscape'>\n\t\t\t\t<a href='https:\/\/shop.ftteam.com\/wp-content\/uploads\/2018\/10\/DSC_0582.jpg'><img decoding=\"async\" width=\"150\" height=\"108\" data-src=\"https:\/\/shop.ftteam.com\/wp-content\/uploads\/2018\/10\/DSC_0582-150x108.jpg\" class=\"attachment-thumbnail size-thumbnail lazyload\" alt=\"Saab 900 t16 grenr\u00f6r\" aria-describedby=\"gallery-1-66\" src=\"data:image\/svg+xml;base64,PHN2ZyB3aWR0aD0iMSIgaGVpZ2h0PSIxIiB4bWxucz0iaHR0cDovL3d3dy53My5vcmcvMjAwMC9zdmciPjwvc3ZnPg==\" style=\"--smush-placeholder-width: 150px; --smush-placeholder-aspect-ratio: 150\/108;\" \/><\/a>\n\t\t\t<\/div>\n\t\t\t\t<figcaption class='wp-caption-text gallery-caption' id='gallery-1-66'>\n\t\t\t\tSaab 900 t16 grenr\u00f6r\n\t\t\t\t<\/figcaption><\/figure><figure class='gallery-item'>\n\t\t\t<div class='gallery-icon landscape'>\n\t\t\t\t<a href='https:\/\/shop.ftteam.com\/wp-content\/uploads\/2018\/10\/DSC_0581.jpg'><img decoding=\"async\" width=\"150\" height=\"136\" data-src=\"https:\/\/shop.ftteam.com\/wp-content\/uploads\/2018\/10\/DSC_0581-150x136.jpg\" class=\"attachment-thumbnail size-thumbnail lazyload\" alt=\"Saab 900 t16 grenr\u00f6r\" aria-describedby=\"gallery-1-65\" src=\"data:image\/svg+xml;base64,PHN2ZyB3aWR0aD0iMSIgaGVpZ2h0PSIxIiB4bWxucz0iaHR0cDovL3d3dy53My5vcmcvMjAwMC9zdmciPjwvc3ZnPg==\" style=\"--smush-placeholder-width: 150px; --smush-placeholder-aspect-ratio: 150\/136;\" \/><\/a>\n\t\t\t<\/div>\n\t\t\t\t<figcaption class='wp-caption-text gallery-caption' id='gallery-1-65'>\n\t\t\t\tSaab 900 t16 grenr\u00f6r\n\t\t\t\t<\/figcaption><\/figure><figure class='gallery-item'>\n\t\t\t<div class='gallery-icon landscape'>\n\t\t\t\t<a href='https:\/\/shop.ftteam.com\/wp-content\/uploads\/2018\/10\/DSC_0580.jpg'><img decoding=\"async\" width=\"150\" height=\"136\" data-src=\"https:\/\/shop.ftteam.com\/wp-content\/uploads\/2018\/10\/DSC_0580-150x136.jpg\" class=\"attachment-thumbnail size-thumbnail lazyload\" alt=\"Saab 900 t16 grenr\u00f6r\" aria-describedby=\"gallery-1-64\" src=\"data:image\/svg+xml;base64,PHN2ZyB3aWR0aD0iMSIgaGVpZ2h0PSIxIiB4bWxucz0iaHR0cDovL3d3dy53My5vcmcvMjAwMC9zdmciPjwvc3ZnPg==\" style=\"--smush-placeholder-width: 150px; --smush-placeholder-aspect-ratio: 150\/136;\" \/><\/a>\n\t\t\t<\/div>\n\t\t\t\t<figcaption class='wp-caption-text gallery-caption' id='gallery-1-64'>\n\t\t\t\tSaab 900 t16 grenr\u00f6r\n\t\t\t\t<\/figcaption><\/figure><figure class='gallery-item'>\n\t\t\t<div class='gallery-icon landscape'>\n\t\t\t\t<a href='https:\/\/shop.ftteam.com\/wp-content\/uploads\/2018\/10\/DSC_0580-1.jpg'><img decoding=\"async\" width=\"150\" height=\"109\" data-src=\"https:\/\/shop.ftteam.com\/wp-content\/uploads\/2018\/10\/DSC_0580-1-150x109.jpg\" class=\"attachment-thumbnail size-thumbnail lazyload\" alt=\"Saab 900 t16 grenr\u00f6r\" aria-describedby=\"gallery-1-63\" src=\"data:image\/svg+xml;base64,PHN2ZyB3aWR0aD0iMSIgaGVpZ2h0PSIxIiB4bWxucz0iaHR0cDovL3d3dy53My5vcmcvMjAwMC9zdmciPjwvc3ZnPg==\" style=\"--smush-placeholder-width: 150px; --smush-placeholder-aspect-ratio: 150\/109;\" \/><\/a>\n\t\t\t<\/div>\n\t\t\t\t<figcaption class='wp-caption-text gallery-caption' id='gallery-1-63'>\n\t\t\t\tSaab 900 t16 grenr\u00f6r\n\t\t\t\t<\/figcaption><\/figure>\n\t\t<\/div>","protected":false},"excerpt":{"rendered":"<p>Original begagnat grenr\u00f6r f\u00f6r Saab 900 16V turbo med EGR-uttag. Sprickfritt, bl\u00e4strat. Planslipat mott cylinderhuvud &amp; turbo. Gott skick. Du beh\u00f6ver packning mot cylinderhuvud och turbo. Byt alla skruvar! &nbsp;<\/p>","protected":false},"featured_media":66,"comment_status":"open","ping_status":"closed","template":"","meta":{"advanced_seo_description":"","jetpack_seo_html_title":"","jetpack_seo_noindex":false,"jetpack_post_was_ever_published":false},"product_brand":[],"product_cat":[36,20],"product_tag":[],"class_list":{"0":"post-43","1":"product","2":"type-product","3":"status-publish","4":"has-post-thumbnail","6":"product_cat-900-turbo-laddluft","7":"product_cat-saab","8":"product_shipping_class-paket-5-7-kg-40-x-30-x-30","10":"first","11":"outofstock","12":"shipping-taxable","13":"purchasable","14":"product-type-simple"},"jetpack_sharing_enabled":true,"_links":{"self":[{"href":"https:\/\/shop.ftteam.com\/en\/wp-json\/wp\/v2\/product\/43","targetHints":{"allow":["GET"]}}],"collection":[{"href":"https:\/\/shop.ftteam.com\/en\/wp-json\/wp\/v2\/product"}],"about":[{"href":"https:\/\/shop.ftteam.com\/en\/wp-json\/wp\/v2\/types\/product"}],"replies":[{"embeddable":true,"href":"https:\/\/shop.ftteam.com\/en\/wp-json\/wp\/v2\/comments?post=43"}],"wp:featuredmedia":[{"embeddable":true,"href":"https:\/\/shop.ftteam.com\/en\/wp-json\/wp\/v2\/media\/66"}],"wp:attachment":[{"href":"https:\/\/shop.ftteam.com\/en\/wp-json\/wp\/v2\/media?parent=43"}],"wp:term":[{"taxonomy":"product_brand","embeddable":true,"href":"https:\/\/shop.ftteam.com\/en\/wp-json\/wp\/v2\/product_brand?post=43"},{"taxonomy":"product_cat","embeddable":true,"href":"https:\/\/shop.ftteam.com\/en\/wp-json\/wp\/v2\/product_cat?post=43"},{"taxonomy":"product_tag","embeddable":true,"href":"https:\/\/shop.ftteam.com\/en\/wp-json\/wp\/v2\/product_tag?post=43"}],"curies":[{"name":"wp","href":"https:\/\/api.w.org\/{rel}","templated":true}]}}

Grenrör Saab 900 T16 2.0L Turbo

<p>Original begagnat grenrör för Saab 900 16V turbo med EGR-uttag. Sprickfritt, blästrat. Planslipat mott cylinderhuvud &amp; turbo. Gott skick. Du behöver packning mot cylinderhuvud och turbo. Byt alla skruvar!</p>
<p>&nbsp;</p>
<div id='gallery-1' class='gallery galleryid-43 gallery-columns-3 gallery-size-thumbnail'><figure class='gallery-item'>
			<div class='gallery-icon landscape'>
				<a href='https://shop.ftteam.com/wp-content/uploads/2018/10/DSC_0582.jpg'><img decoding="async" width="150" height="108" data-src="https://shop.ftteam.com/wp-content/uploads/2018/10/DSC_0582-150x108.jpg" class="attachment-thumbnail size-thumbnail lazyload" alt="Saab 900 t16 grenrör" aria-describedby="gallery-1-66" src="data:image/svg+xml;base64,PHN2ZyB3aWR0aD0iMSIgaGVpZ2h0PSIxIiB4bWxucz0iaHR0cDovL3d3dy53My5vcmcvMjAwMC9zdmciPjwvc3ZnPg==" style="--smush-placeholder-width: 150px; --smush-placeholder-aspect-ratio: 150/108;" /></a>
			</div>
				<figcaption class='wp-caption-text gallery-caption' id='gallery-1-66'>
				Saab 900 t16 grenrör
				</figcaption></figure><figure class='gallery-item'>
			<div class='gallery-icon landscape'>
				<a href='https://shop.ftteam.com/wp-content/uploads/2018/10/DSC_0581.jpg'><img decoding="async" width="150" height="136" data-src="https://shop.ftteam.com/wp-content/uploads/2018/10/DSC_0581-150x136.jpg" class="attachment-thumbnail size-thumbnail lazyload" alt="Saab 900 t16 grenrör" aria-describedby="gallery-1-65" src="data:image/svg+xml;base64,PHN2ZyB3aWR0aD0iMSIgaGVpZ2h0PSIxIiB4bWxucz0iaHR0cDovL3d3dy53My5vcmcvMjAwMC9zdmciPjwvc3ZnPg==" style="--smush-placeholder-width: 150px; --smush-placeholder-aspect-ratio: 150/136;" /></a>
			</div>
				<figcaption class='wp-caption-text gallery-caption' id='gallery-1-65'>
				Saab 900 t16 grenrör
				</figcaption></figure><figure class='gallery-item'>
			<div class='gallery-icon landscape'>
				<a href='https://shop.ftteam.com/wp-content/uploads/2018/10/DSC_0580.jpg'><img decoding="async" width="150" height="136" data-src="https://shop.ftteam.com/wp-content/uploads/2018/10/DSC_0580-150x136.jpg" class="attachment-thumbnail size-thumbnail lazyload" alt="Saab 900 t16 grenrör" aria-describedby="gallery-1-64" src="data:image/svg+xml;base64,PHN2ZyB3aWR0aD0iMSIgaGVpZ2h0PSIxIiB4bWxucz0iaHR0cDovL3d3dy53My5vcmcvMjAwMC9zdmciPjwvc3ZnPg==" style="--smush-placeholder-width: 150px; --smush-placeholder-aspect-ratio: 150/136;" /></a>
			</div>
				<figcaption class='wp-caption-text gallery-caption' id='gallery-1-64'>
				Saab 900 t16 grenrör
				</figcaption></figure><figure class='gallery-item'>
			<div class='gallery-icon landscape'>
				<a href='https://shop.ftteam.com/wp-content/uploads/2018/10/DSC_0580-1.jpg'><img decoding="async" width="150" height="109" data-src="https://shop.ftteam.com/wp-content/uploads/2018/10/DSC_0580-1-150x109.jpg" class="attachment-thumbnail size-thumbnail lazyload" alt="Saab 900 t16 grenrör" aria-describedby="gallery-1-63" src="data:image/svg+xml;base64,PHN2ZyB3aWR0aD0iMSIgaGVpZ2h0PSIxIiB4bWxucz0iaHR0cDovL3d3dy53My5vcmcvMjAwMC9zdmciPjwvc3ZnPg==" style="--smush-placeholder-width: 150px; --smush-placeholder-aspect-ratio: 150/109;" /></a>
			</div>
				<figcaption class='wp-caption-text gallery-caption' id='gallery-1-63'>
				Saab 900 t16 grenrör
				</figcaption></figure>
		</div>

<p>Original begagnat grenrör för Saab 900 16V turbo med EGR-uttag. Sprickfritt, blästrat. Planslipat mott cylinderhuvud &amp; turbo. Gott skick. Du behöver packning mot cylinderhuvud och turbo. Byt alla skruvar! &nbsp;</p>
